 -f**2 + 10*f + 2. What is the remainder when 86 is divided by c(7)?
17
Suppose -6 = b - 14. Let d(i) be the first derivative of i**4/4 + 7*i**3/3 - i**2 + 9*i + 1. Calculate the remainder when d(-7) is divided by b.
7
Suppose -o - 8 = -3*o. Suppose -4*z = -3*f + 1 + 2, z - 23 = -4*f. Calculate the remainder when o is divided by 0 + -2 + z + 1.
0
Let t = -69 - -85. What is the remainder when 90 is divided by t?
10
What is the remainder when -3 - ((-2)/8 - (-285)/(-12)) is divided by 8?
5
Suppose -5*y = -0*y - 125. What is the remainder when y is divided by 1/((3/3)/9)?
7
Suppose 4*o + 0*o - 4*r - 16 = 0, 2*r + 8 = 0. Suppose 3*z - 2*f - 60 = o, -z + 2*f = -2*z + 20. What is the remainder when z is divided by 7?
6
Let c(n) = -n - 2. Let k be c(-7). Suppose j - 2*y = -2*j + 14, -5*j + 20 = -k*y. What is the remainder when 11 is divided by j?
5
Let v be 9/(-4) + 21/(-28). Calculate the remainder when 13 is divided by 3/(((-36)/20)/v).
3
Suppose 0 = y - 10 - 16. Suppose -5*l + 84 = -y. Calculate the remainder when l is divided by 6.
4
Suppose 40 = 4*j + j. Let k = -80 - -121. Suppose 5*b = -5*g - 0*g + 145, -5*g - k = -b. What is the remainder when b is divided by j?
7
Suppose -3*y = -2*r + 37, 0 = -y - 1. Let f(d) = 2 - 8*d**3 + 2 + 2*d**2 + d - 4. Calculate the remainder when r is divided by f(-1).
8
Suppose -2*h + 23 = -h. Suppose 2*j - 32 = -3*i + 4*j, 0 = 2*i - j - h. What is the remainder when (-2)/7 + 368/i is divided by 9?
8
Suppose -4*x - 5 = x. Let r be x + -1 + 4 + 1. Suppose -6*s + r*s + 33 = 0. What is the remainder when 21 is divided by s?
10
Suppose 9*m - 6*m = 18. What is the remainder when 21 is divided by m?
3
Suppose -3*c = -4*r + 71, -5*r + 0*c + 90 = -4*c. Let n = 526 + -324. Suppose -72 = 5*y - n. Calculate the remainder when y is divided by r.
12
Suppose -84 = -5*i + d - 14, 5*d - 10 = i. Let y(n) = -5*n - 37. What is the remainder when y(-19) is divided by i?
13
Suppose -6*d + 185 = -d. What is the remainder when d is divided by 21?
16
Calculate the remainder when 19 is divided by (4 - 5)*(1 + -8).
5
Suppose -g + 40 = -53. Calculate the remainder when g is divided by 24.
21
Let y(d) = 5*d + 2*d - 5 - 5*d. What is the remainder when (-2)/(-1 + (-34)/(-38)) is divided by y(6)?
5
Let i(v) = v - 5. Let h be i(3). Suppose 4*s + 8 = 0, -8*q + 4*q + 5*s + 66 = 0. Calculate the remainder when (41*-2)/(h/1) is divided by q.
13
Suppose 41 = 2*r - 1. What is the remainder when r is divided by 6/9 - 31/(-3)?
10
Suppose 4*k - k = -5*n - 122, -2*n + k = 40. Calculate the remainder when 23 is divided by 12/66 + (-260)/n.
11
Suppose 0*a = a. Suppose -b = -a*b - 82. Suppose 2*t + b = 2*h, 3*h = -2*h + 2*t + 220. What is the remainder when h is divided by 16?
14
Let n(p) = p**3 - 16*p**2 - 14*p - 17. Calculate the remainder when 99 is divided by n(17).
31
Suppose -i = -1 - 4, 4*i - 35 = -q. Suppose b - 4*d = 19, 5*b + 3*d = -2*d + 20. Let z(w) = w**2 - 4*w + 7. What is the remainder when z(b) is divided by q?
13
Suppose -5*m = -2*m - 126. Suppose -m = -4*c + 10. Let q(a) = -a + 36. Calculate the remainder when q(0) is divided by c.
10
Let a = 27 + -20. Suppose 0*p - 12 = -4*p. Suppose -3*m - 36 = -p*k, 2*k = -0*m - m + 21. Calculate the remainder when k is divided by a.
4
Suppose 22 + 0 = 2*v + 3*y, -5*v = 3*y - 46. Suppose -2*h = -3*h + 2*i + 15, -3 = 3*i. Let n = h - v. What is the remainder when n is divided by 3?
2
Let a = -26 - -36. Let f be 1 - 0 - (-4 + 1). Suppose -f*k + 25 = -87. What is the remainder when k is divided by a?
8
Let r be (6/10)/((-2)/(-10)). Suppose 8 + 22 = r*k. Calculate the remainder when k is divided by 4.
2
Suppose 3*c = -16 + 127. Calculate the remainder when 71 is divided by c.
34
Suppose -q + 6 = 3*s - 4, 5*q + 4 = 3*s. Calculate the remainder when 37 is divided by (-5 + 3)*(-5)/q.
7
Let j(g) = 12*g**2 + g - 1. Suppose 0 = 3*t - 15 + 3. Let q = t + -3. Calculate the remainder when j(q) is divided by 7.
5
Let c(a) = a**2 + 2*a + 1. What is the remainder when 73 is divided by c(-6)?
23
Calculate the remainder when 17 is divided by 7/14 + (-2)/(-4)*7.
1
Suppose 4*l - 8 = -m, -5*l + 5*m - 3*m = -10. Suppose 0 = -l*d + d. Suppose d*a + 54 = 3*a. What is the remainder when a is divided by 10?
8
What is the remainder when 68 is divided by (-23 - 0)/((-24)/3 - -7)?
22
What is the remainder when 54 is divided by 16/(2/((-3)/(1 + -4)))?
6
Let d(u) = u**2 + 14*u + 55. Calculate the remainder when d(-13) is divided by 22.
20
Suppose -4*w = -y - 41, 2*w - 31 = 2*y - 5*y. Let j(x) = x**3 + 5*x**2 - x - 1. Calculate the remainder when w is divided by j(-5).
3
Suppose 24 = 5*h - 11. Let p(l) = l**3 - 6*l**2 - 6*l - 6. Let n be p(h). Let w = n - -16. What is the remainder when 48 is divided by w?
14
Let f(v) = 3*v**2 - 8*v - 2. Let x be f(6). Suppose 3*z - 6 = -t, -6*z = -4*t - z + x. What is the remainder when 29 is divided by (15/(-1))/((-18)/t)?
9
Let c = 7 - 2. Suppose -53 = -c*y - 3. What is the remainder when 19 is divided by y?
9
Suppose 0 = -s - 5*h + 11, -s + 28 = -2*h + 10. What is the remainder when s is divided by 7?
2
Suppose 0 = -5*q + 6*q + 3. Calculate the remainder when 41 is divided by 108/8 - q/2.
11
Suppose -120 = 2*l - 7*l. Calculate the remainder when l is divided by 13.
11
Calculate the remainder when 53 is divided by 9/4*(-3 + 7 - -8).
26
Let b(g) = g**3 + g**2 - 4*g + 2. Let w be b(3). Let t = w + -15. Calculate the remainder when t is divided by 4.
3
Suppose z - 2*m - 20 = 0, 4*z + 3*m - 51 = 40. Let p be -6*8/12*-1. Calculate the remainder when z is divided by (p/(-1))/((-23)/46).
6
Suppose -107 = -5*d - 0*j - 2*j, 46 = 2*d + 4*j. Calculate the remainder when 40 is divided by d.
19
Suppose -w + 32 + 0 = 0. Let z = 48 - w. Let o(c) = -c**3 + 12*c**2 + 14*c + 17. What is the remainder when o(13) is divided by z?
14
Let w = 17 - 12. Suppose 0 = 2*u + 15 - 43. Calculate the remainder when u is divided by w.
4
Let h(c) = -1. Let r(f) = -f**2 + f - 2. Let l(d) = 3*h(d) - r(d). What is the remainder when l(9) is divided by 18?
17
Suppose 5*k - 26 = 49. Let y be -49 + 1/1 - -1. Let q = y + 76. What is the remainder when q is divided by k?
14
Suppose -5*w + 297 - 112 = 0. What is the remainder when 144 is divided by w?
33
Let p(h) = h**3 + 6*h**2 + 4*h - 5. Let u be p(-5). Let t(l) = l**2 + l + 45. Calculate the remainder when t(u) is divided by 23.
22
Suppose 5*w - 36 = 7*w. What is the remainder when 46*(-4 + w/(-4)) is divided by 12?
11
Let n(j) = 16*j + 1. Let k be n(-1). Let s be (0 - 2)*(35 - (1 + 4)). What is the remainder when 15 is divided by s/(-9)*(-18)/k?
7
Suppose -148 = z - 2*z. Suppose -5*w = -20, -2*w + 3*w = -4*y + z. Calculate the remainder when y is divided by 19.
17
Let n(v) = -v**3 + 11*v**2 + 12*v - 9. Let m be n(12). Let l(y) = y**2 + 7*y. What is the remainder when 51 is divided by l(m)?
15
Let w = 86 + -53. Suppose 3*v = -4*d + w, -d + 2*v = -v - 12. Calculate the remainder when d is divided by 4.
1
Suppose -5*b - 3 + 188 = 0. Calculate the remainder when b is divided by 14.
9
Suppose -12*x = -1223 - 1141. Calculate the remainder when x is divided by 50.
47
Suppose 2*k - 18 - 48 = 0. Let u = 138 + -129. What is the remainder when k is divided by u?
6
Let x(c) = -c**2 - c + 1. Let h(s) = -s**3 - 10*s**2 + 18*s + 13. Let a(r) = -h(r) - 2*x(r). Calculate the remainder when 47 is divided by a(-13).
23
Let z(h) = h**2 - h. Let m be z(2). Let t = -13 + 16. Suppose -2*j - m*o = -18, 6*o - t*o = -4*j + 31. Calculate the remainder when 6 is divided by j.
2
Suppose -3*r = -2*r. Suppose r = 2*q + 2*q - 16. Suppose -q*m = -0*m - 60. Calculate the remainder when 44 is divided by m.
14
Suppose -11*t + 74 = -80. Calculate the remainder when 39 is divided by t.
11
Let x = 15 + -11. Suppose 3*u - 63 = -4*c, x*c - 105 = -c + 5*u. Suppose -2*f = -29 - 77. What is the remainder when f is divided by c?
17
Let f = 0 + -13. Suppose p - 21 = 2. Let n = f + p. Calculate the remainder when 29 is divided by n.
9
Let z be 4/(-16) + 9/4. Let s be z/2 - (-2 - 1). Suppose -3*p = 15, 1 + 62 = s*y + 5*p. Calculate the remainder when y is divided by 12.
10
Let f = -219 - -307. Let q = f - 36. Calculate the remainder when q is divided by 18.
16
Suppose -4*q + 47 = -5*o - 10, 3*q - 43 = 4*o. Suppose 0 = 2*x + 22 - 